{"id":134,"date":"2022-10-11T10:53:09","date_gmt":"2022-10-11T13:53:09","guid":{"rendered":"https:\/\/www.natus.org.br\/instituto\/?page_id=134"},"modified":"2022-10-11T10:55:56","modified_gmt":"2022-10-11T13:55:56","slug":"servicos-web","status":"publish","type":"page","link":"https:\/\/www.natus.org.br\/instituto\/servicos-web\/","title":{"rendered":"Servi\u00e7os WEB"},"content":{"rendered":"\n<p>Atualmente todas as Empresas utilizam servi\u00e7os internet mais diversos, seja para Desenvolvimento de um Website, seja para hospedagem de sites ou host de emails dealta disponibilidade, contando sempre com suporte t\u00e9cnico personalizado. <\/p>\n\n\n\n<p>Ent\u00e3o, olha que legal, Sua Empresa contrata servi\u00e7os de alta qualidade dos profissionais Associados do Instituto Natus e ainda contribui com os servi\u00e7os sociais de nossa Institui\u00e7\u00e3o.<\/p>\n\n\n\n<p class=\"has-text-align-center\"><strong>Conhe\u00e7a A Tecnologia que vai aumentar a suas vendas:<\/strong><\/p>\n\n\n<div class=\"wp-block-image\">\n<figure class=\"aligncenter size-full\"><a href=\"https:\/\/www.cadplus.com.br\/cms\/\"><img loading=\"lazy\" decoding=\"async\" width=\"173\" height=\"86\" src=\"https:\/\/www.natus.org.br\/instituto\/wp-content\/uploads\/2022\/10\/instituto-servicos-web-logo-cadplus.jpg\" alt=\"\" class=\"wp-image-135\"\/><\/a><\/figure>\n<\/div>","protected":false},"excerpt":{"rendered":"<p>Atualmente todas as Empresas utilizam servi\u00e7os internet mais diversos, seja para Desenvolvimento de um Website, seja para hospedagem de sites ou host de emails dealta disponibilidade, contando sempre com suporte t\u00e9cnico personalizado. Ent\u00e3o, olha que legal, Sua Empresa contrata servi\u00e7os de alta qualidade dos profissionais Associados do Instituto Natus e &#8230;. <\/p>\n","protected":false},"author":2,"featured_media":0,"parent":0,"menu_order":0,"comment_status":"closed","ping_status":"closed","template":"","meta":{"footnotes":""},"class_list":["post-134","page","type-page","status-publish","hentry"],"yoast_head":"<!-- This site is optimized with the Yoast SEO plugin v25.0 - https:\/\/yoast.com\/wordpress\/plugins\/seo\/ -->\n<title>Servi\u00e7os WEB - Cidadania e Empreendedorismo<\/title>\n<meta name=\"robots\" content=\"index, follow, max-snippet:-1, max-image-preview:large, max-video-preview:-1\" \/>\n<link rel=\"canonical\" href=\"https:\/\/www.natus.org.br\/instituto\/servicos-web\/\" \/>\n<meta property=\"og:locale\" content=\"pt_BR\" \/>\n<meta property=\"og:type\" content=\"article\" \/>\n<meta property=\"og:title\" content=\"Servi\u00e7os WEB - Cidadania e Empreendedorismo\" \/>\n<meta property=\"og:description\" content=\"Atualmente todas as Empresas utilizam servi\u00e7os internet mais diversos, seja para Desenvolvimento de um Website, seja para hospedagem de sites ou host de emails dealta disponibilidade, contando sempre com suporte t\u00e9cnico personalizado. Ent\u00e3o, olha que legal, Sua Empresa contrata servi\u00e7os de alta qualidade dos profissionais Associados do Instituto Natus e ....\" \/>\n<meta property=\"og:url\" content=\"https:\/\/www.natus.org.br\/instituto\/servicos-web\/\" \/>\n<meta property=\"og:site_name\" content=\"Cidadania e Empreendedorismo\" \/>\n<meta property=\"article:modified_time\" content=\"2022-10-11T13:55:56+00:00\" \/>\n<meta property=\"og:image\" content=\"https:\/\/www.natus.org.br\/instituto\/wp-content\/uploads\/2022\/10\/instituto-servicos-web-logo-cadplus.jpg\" \/>\n<meta name=\"twitter:card\" content=\"summary_large_image\" \/>\n<script type=\"application\/ld+json\" class=\"yoast-schema-graph\">{\"@context\":\"https:\/\/schema.org\",\"@graph\":[{\"@type\":\"WebPage\",\"@id\":\"https:\/\/www.natus.org.br\/instituto\/servicos-web\/\",\"url\":\"https:\/\/www.natus.org.br\/instituto\/servicos-web\/\",\"name\":\"Servi\u00e7os WEB - Cidadania e Empreendedorismo\",\"isPartOf\":{\"@id\":\"https:\/\/www.natus.org.br\/instituto\/#website\"},\"primaryImageOfPage\":{\"@id\":\"https:\/\/www.natus.org.br\/instituto\/servicos-web\/#primaryimage\"},\"image\":{\"@id\":\"https:\/\/www.natus.org.br\/instituto\/servicos-web\/#primaryimage\"},\"thumbnailUrl\":\"https:\/\/www.natus.org.br\/instituto\/wp-content\/uploads\/2022\/10\/instituto-servicos-web-logo-cadplus.jpg\",\"datePublished\":\"2022-10-11T13:53:09+00:00\",\"dateModified\":\"2022-10-11T13:55:56+00:00\",\"breadcrumb\":{\"@id\":\"https:\/\/www.natus.org.br\/instituto\/servicos-web\/#breadcrumb\"},\"inLanguage\":\"pt-BR\",\"potentialAction\":[{\"@type\":\"ReadAction\",\"target\":[\"https:\/\/www.natus.org.br\/instituto\/servicos-web\/\"]}]},{\"@type\":\"ImageObject\",\"inLanguage\":\"pt-BR\",\"@id\":\"https:\/\/www.natus.org.br\/instituto\/servicos-web\/#primaryimage\",\"url\":\"https:\/\/www.natus.org.br\/instituto\/wp-content\/uploads\/2022\/10\/instituto-servicos-web-logo-cadplus.jpg\",\"contentUrl\":\"https:\/\/www.natus.org.br\/instituto\/wp-content\/uploads\/2022\/10\/instituto-servicos-web-logo-cadplus.jpg\",\"width\":173,\"height\":86},{\"@type\":\"BreadcrumbList\",\"@id\":\"https:\/\/www.natus.org.br\/instituto\/servicos-web\/#breadcrumb\",\"itemListElement\":[{\"@type\":\"ListItem\",\"position\":1,\"name\":\"In\u00edcio\",\"item\":\"https:\/\/www.natus.org.br\/instituto\/\"},{\"@type\":\"ListItem\",\"position\":2,\"name\":\"Servi\u00e7os WEB\"}]},{\"@type\":\"WebSite\",\"@id\":\"https:\/\/www.natus.org.br\/instituto\/#website\",\"url\":\"https:\/\/www.natus.org.br\/instituto\/\",\"name\":\"Cidadania e Empreendedorismo\",\"description\":\"\",\"publisher\":{\"@id\":\"https:\/\/www.natus.org.br\/instituto\/#organization\"},\"potentialAction\":[{\"@type\":\"SearchAction\",\"target\":{\"@type\":\"EntryPoint\",\"urlTemplate\":\"https:\/\/www.natus.org.br\/instituto\/?s={search_term_string}\"},\"query-input\":{\"@type\":\"PropertyValueSpecification\",\"valueRequired\":true,\"valueName\":\"search_term_string\"}}],\"inLanguage\":\"pt-BR\"},{\"@type\":\"Organization\",\"@id\":\"https:\/\/www.natus.org.br\/instituto\/#organization\",\"name\":\"Cidadania e Empreendedorismo\",\"url\":\"https:\/\/www.natus.org.br\/instituto\/\",\"logo\":{\"@type\":\"ImageObject\",\"inLanguage\":\"pt-BR\",\"@id\":\"https:\/\/www.natus.org.br\/instituto\/#\/schema\/logo\/image\/\",\"url\":\"https:\/\/www.natus.org.br\/instituto\/wp-content\/uploads\/2021\/09\/instituto-logo-natus-transparente.png\",\"contentUrl\":\"https:\/\/www.natus.org.br\/instituto\/wp-content\/uploads\/2021\/09\/instituto-logo-natus-transparente.png\",\"width\":149,\"height\":68,\"caption\":\"Cidadania e Empreendedorismo\"},\"image\":{\"@id\":\"https:\/\/www.natus.org.br\/instituto\/#\/schema\/logo\/image\/\"},\"sameAs\":[\"https:\/\/www.linkedin.com\/company\/91041671\/admin\/feed\/posts\/\"]}]}<\/script>\n<!-- \/ Yoast SEO plugin. -->","yoast_head_json":{"title":"Servi\u00e7os WEB - Cidadania e Empreendedorismo","robots":{"index":"index","follow":"follow","max-snippet":"max-snippet:-1","max-image-preview":"max-image-preview:large","max-video-preview":"max-video-preview:-1"},"canonical":"https:\/\/www.natus.org.br\/instituto\/servicos-web\/","og_locale":"pt_BR","og_type":"article","og_title":"Servi\u00e7os WEB - Cidadania e Empreendedorismo","og_description":"Atualmente todas as Empresas utilizam servi\u00e7os internet mais diversos, seja para Desenvolvimento de um Website, seja para hospedagem de sites ou host de emails dealta disponibilidade, contando sempre com suporte t\u00e9cnico personalizado. Ent\u00e3o, olha que legal, Sua Empresa contrata servi\u00e7os de alta qualidade dos profissionais Associados do Instituto Natus e ....","og_url":"https:\/\/www.natus.org.br\/instituto\/servicos-web\/","og_site_name":"Cidadania e Empreendedorismo","article_modified_time":"2022-10-11T13:55:56+00:00","og_image":[{"url":"https:\/\/www.natus.org.br\/instituto\/wp-content\/uploads\/2022\/10\/instituto-servicos-web-logo-cadplus.jpg","type":"","width":"","height":""}],"twitter_card":"summary_large_image","schema":{"@context":"https:\/\/schema.org","@graph":[{"@type":"WebPage","@id":"https:\/\/www.natus.org.br\/instituto\/servicos-web\/","url":"https:\/\/www.natus.org.br\/instituto\/servicos-web\/","name":"Servi\u00e7os WEB - Cidadania e Empreendedorismo","isPartOf":{"@id":"https:\/\/www.natus.org.br\/instituto\/#website"},"primaryImageOfPage":{"@id":"https:\/\/www.natus.org.br\/instituto\/servicos-web\/#primaryimage"},"image":{"@id":"https:\/\/www.natus.org.br\/instituto\/servicos-web\/#primaryimage"},"thumbnailUrl":"https:\/\/www.natus.org.br\/instituto\/wp-content\/uploads\/2022\/10\/instituto-servicos-web-logo-cadplus.jpg","datePublished":"2022-10-11T13:53:09+00:00","dateModified":"2022-10-11T13:55:56+00:00","breadcrumb":{"@id":"https:\/\/www.natus.org.br\/instituto\/servicos-web\/#breadcrumb"},"inLanguage":"pt-BR","potentialAction":[{"@type":"ReadAction","target":["https:\/\/www.natus.org.br\/instituto\/servicos-web\/"]}]},{"@type":"ImageObject","inLanguage":"pt-BR","@id":"https:\/\/www.natus.org.br\/instituto\/servicos-web\/#primaryimage","url":"https:\/\/www.natus.org.br\/instituto\/wp-content\/uploads\/2022\/10\/instituto-servicos-web-logo-cadplus.jpg","contentUrl":"https:\/\/www.natus.org.br\/instituto\/wp-content\/uploads\/2022\/10\/instituto-servicos-web-logo-cadplus.jpg","width":173,"height":86},{"@type":"BreadcrumbList","@id":"https:\/\/www.natus.org.br\/instituto\/servicos-web\/#breadcrumb","itemListElement":[{"@type":"ListItem","position":1,"name":"In\u00edcio","item":"https:\/\/www.natus.org.br\/instituto\/"},{"@type":"ListItem","position":2,"name":"Servi\u00e7os WEB"}]},{"@type":"WebSite","@id":"https:\/\/www.natus.org.br\/instituto\/#website","url":"https:\/\/www.natus.org.br\/instituto\/","name":"Cidadania e Empreendedorismo","description":"","publisher":{"@id":"https:\/\/www.natus.org.br\/instituto\/#organization"},"potentialAction":[{"@type":"SearchAction","target":{"@type":"EntryPoint","urlTemplate":"https:\/\/www.natus.org.br\/instituto\/?s={search_term_string}"},"query-input":{"@type":"PropertyValueSpecification","valueRequired":true,"valueName":"search_term_string"}}],"inLanguage":"pt-BR"},{"@type":"Organization","@id":"https:\/\/www.natus.org.br\/instituto\/#organization","name":"Cidadania e Empreendedorismo","url":"https:\/\/www.natus.org.br\/instituto\/","logo":{"@type":"ImageObject","inLanguage":"pt-BR","@id":"https:\/\/www.natus.org.br\/instituto\/#\/schema\/logo\/image\/","url":"https:\/\/www.natus.org.br\/instituto\/wp-content\/uploads\/2021\/09\/instituto-logo-natus-transparente.png","contentUrl":"https:\/\/www.natus.org.br\/instituto\/wp-content\/uploads\/2021\/09\/instituto-logo-natus-transparente.png","width":149,"height":68,"caption":"Cidadania e Empreendedorismo"},"image":{"@id":"https:\/\/www.natus.org.br\/instituto\/#\/schema\/logo\/image\/"},"sameAs":["https:\/\/www.linkedin.com\/company\/91041671\/admin\/feed\/posts\/"]}]}},"_links":{"self":[{"href":"https:\/\/www.natus.org.br\/instituto\/wp-json\/wp\/v2\/pages\/134","targetHints":{"allow":["GET"]}}],"collection":[{"href":"https:\/\/www.natus.org.br\/instituto\/wp-json\/wp\/v2\/pages"}],"about":[{"href":"https:\/\/www.natus.org.br\/instituto\/wp-json\/wp\/v2\/types\/page"}],"author":[{"embeddable":true,"href":"https:\/\/www.natus.org.br\/instituto\/wp-json\/wp\/v2\/users\/2"}],"replies":[{"embeddable":true,"href":"https:\/\/www.natus.org.br\/instituto\/wp-json\/wp\/v2\/comments?post=134"}],"version-history":[{"count":2,"href":"https:\/\/www.natus.org.br\/instituto\/wp-json\/wp\/v2\/pages\/134\/revisions"}],"predecessor-version":[{"id":138,"href":"https:\/\/www.natus.org.br\/instituto\/wp-json\/wp\/v2\/pages\/134\/revisions\/138"}],"wp:attachment":[{"href":"https:\/\/www.natus.org.br\/instituto\/wp-json\/wp\/v2\/media?parent=134"}],"curies":[{"name":"wp","href":"https:\/\/api.w.org\/{rel}","templated":true}]}}