{"id":14,"date":"2021-09-27T10:37:24","date_gmt":"2021-09-27T13:37:24","guid":{"rendered":"https:\/\/www.natus.org.br\/instituto\/?page_id=14"},"modified":"2025-05-06T10:01:02","modified_gmt":"2025-05-06T13:01:02","slug":"quem-somos","status":"publish","type":"page","link":"https:\/\/www.natus.org.br\/instituto\/quem-somos\/","title":{"rendered":"Quem somos"},"content":{"rendered":"\n<p>Somos uma Institui\u00e7\u00e3o sem fins lucrativos, objetivamos estimular a empregabilidade e o empreendedorismo sustent\u00e1vel em Nosso Pa\u00eds.<\/p>\n\n\n\n<p>Afim de atender \u00e0s necessidades prementes de Nosso Pa\u00eds, o&nbsp;<strong>Instituto Natus<\/strong>&nbsp;apresenta projetos diversos, oferecendo apoio e&nbsp;<strong>suporte \u00e0 cidadania<\/strong>, canalizando recursos para fomento ao empreendedorismo.<\/p>\n\n\n\n<p>Atualmente nosso&nbsp;<strong>projeto principal<\/strong>&nbsp;\u00e9 o&nbsp;<a rel=\"noreferrer noopener\" href=\"https:\/\/www.portaldainclusao.org.br\/\" target=\"_blank\">Projeto de Coloca\u00e7\u00e3o Profissional para Pessoas com Defici\u00eancias<\/a>, para o qual dedicamos todos nossos esfor\u00e7os e bons recursos.<\/p>\n\n\n\n<p>Novos Projetos passaram a integrar nosso portfolio recentemente, mais especialmente o Projeto Contrate uma M\u00e3e &#8211; <a href=\"https:\/\/contrateumamae.org.br\" target=\"_blank\" rel=\"noreferrer noopener\">www.contrateumamae.org.br<\/a> &#8211; visa aproximar as M\u00e3es das oportunidades de trabalho, assim como nosso projeto Cultural e Hist\u00f3rico que pode ser visitado em <a rel=\"noreferrer noopener\" href=\"http:\/\/www.independenciaoumorte.com.br\" target=\"_blank\">www.independenciaoumorte.com.br<\/a><\/p>\n\n\n\n<p>Atualmente contamos com&nbsp;<strong>dezenas de Associados<\/strong>, sejam pessoas f\u00edsicas e tamb\u00e9m pessoas jur\u00eddicas.<\/p>\n\n\n\n<p>O Instituto tem por<strong>&nbsp;objetivo social<\/strong>&nbsp;promover a \u00e9tica, a paz, a cidadania, os direitos humanos, a democracia e os demais valores universais atrav\u00e9s de iniciativas que contribuam para constru\u00e7\u00e3o de uma sociedade mais justa e consciente de seus direitos e de suas possibilidades, promovendo assim a cidadania sustent\u00e1vel e consciente, atrav\u00e9s da cria\u00e7\u00e3o e implementa\u00e7\u00e3o de pol\u00edticas de justi\u00e7a, est\u00edmulo ao empreendedorismo e de responsabilidade social<\/p>\n\n\n\n<p><strong>Nosso Objetivo Estatut\u00e1rio<\/strong><\/p>\n\n\n\n<p>Instituto poder\u00e1, para consecu\u00e7\u00e3o de seu objeto social, utilizar-se de quaisquer meios e atividades permitidos por lei, especialmente:<\/p>\n\n\n\n<p>\u2022 Apoiar e promover a Justi\u00e7a Social atrav\u00e9s de iniciativas conciliat\u00f3rias que tragam harmonia para a sociedade;<br>\u2022&nbsp;Apoiar e promover a educa\u00e7\u00e3o e capacita\u00e7\u00e3o;<br>\u2022 Promover estudos e pesquisas que tenham por fim o desenvolvimento de novos modelos e t\u00e9cnicas para atender \u00e0 justi\u00e7a social, seguran\u00e7a, educa\u00e7\u00e3o e cidadania;<br>\u2022 Apoiar e promover projetos que visem o empreendedorismo e capacita\u00e7\u00e3o em busca de oportunidades profissionais;<br>\u2022&nbsp;Contribuir para democratiza\u00e7\u00e3o da informa\u00e7\u00e3o, por meio da gest\u00e3o do conhecimento;<br>\u2022 Promover pesquisas e o incentivo ao desenvolvimento de t\u00e9cnicas ou tecnologias que visem direta ou indiretamente melhorias na vida do ser humano;<br>\u2022 Apoiar e promover atividades culturais;<br>\u2022 Apoiar e promover atividades esportivas;<br>\u2022 Estabelecer parcerias, conv\u00eanios ou demais acordos com entidades publicas e privadas, para a materializa\u00e7\u00e3o do objeto social do Instituto;<br>\u2022 Promover, apoiar e desenvolver, em seus v\u00e1rios desdobramentos, as manifesta\u00e7\u00f5es intelectuais, culturais e esportivas, por meio da capacita\u00e7\u00e3o t\u00e9cnica, de publica\u00e7\u00f5es e da edi\u00e7\u00e3o, pr\u00f3pria ou por meio de terceiros, de livros e revistas de natureza t\u00e9cnica, cientifica, cultural e art\u00edstica e de v\u00eddeos quaisquer outros meios de divulga\u00e7\u00e3o e comunica\u00e7\u00e3o que ajudem a divulgar o objeto social do Instituto;<br>\u2022 Promover o voluntariado nas diversas \u00e1reas de atua\u00e7\u00e3o;<br>\u2022 Quaisquer outras atividades que licitem para a consecu\u00e7\u00e3o do objetivo social, desde que previamente aprovadas pelo Diretor Executivo.<br>\u2022 Consultoria em tecnologia da informa\u00e7\u00e3o;<br>\u2022 Portais provedores de conte\u00fado e outros servi\u00e7os de informa\u00e7\u00e3o na internet;<br>\u2022 Ag\u00eancias de noticias;<br>\u2022 Servi\u00e7os de engenharia;<br>\u2022 Consultoria em publicidade;<br>\u2022 Fornecimento e gest\u00e3o de recursos humanos para terceiros;<br>\u2022 Treinamento em desenvolvimento profissional e gerencial;<br>\u2022 Tratamento de dados provedores de servi\u00e7os de aplica\u00e7\u00e3o e servi\u00e7os de hospedagem na internet;<\/p>\n\n\n\n<p><strong>Diretoria Executiva<\/strong><br>Eng. Jair Pinheiro<br>Presidente<br>Formado em Engenharia El\u00e9trica pelo Instituto Mau\u00e1 de Tecnologia, p\u00f3s-graduado em Gest\u00e3o de Neg\u00f3cios pela Administra\u00e7\u00e3o Mau\u00e1. Palestrante interessado em Desenvolvimento Sustent\u00e1vel e Empreendedorismo Consciente.<\/p>\n\n\n\n<p>Sra. Regina Andrade<br>Secret\u00e1ria Executiva<br>Auditora Aposentada do INSS.<\/p>\n","protected":false},"excerpt":{"rendered":"<p>Somos uma Institui\u00e7\u00e3o sem fins lucrativos, objetivamos estimular a empregabilidade e o empreendedorismo sustent\u00e1vel em Nosso Pa\u00eds. Afim de atender \u00e0s necessidades prementes de Nosso Pa\u00eds, o&nbsp;Instituto Natus&nbsp;apresenta projetos diversos, oferecendo apoio e&nbsp;suporte \u00e0 cidadania, canalizando recursos para fomento ao empreendedorismo. Atualmente nosso&nbsp;projeto principal&nbsp;\u00e9 o&nbsp;Projeto de Coloca\u00e7\u00e3o Profissional para Pessoas &#8230;. <\/p>\n","protected":false},"author":2,"featured_media":0,"parent":0,"menu_order":0,"comment_status":"closed","ping_status":"closed","template":"","meta":{"footnotes":""},"class_list":["post-14","page","type-page","status-publish","hentry"],"yoast_head":"<!-- This site is optimized with the Yoast SEO plugin v25.0 - https:\/\/yoast.com\/wordpress\/plugins\/seo\/ -->\n<title>Quem somos - Cidadania e Empreendedorismo<\/title>\n<meta name=\"robots\" content=\"index, follow, max-snippet:-1, max-image-preview:large, max-video-preview:-1\" \/>\n<link rel=\"canonical\" href=\"https:\/\/www.natus.org.br\/instituto\/quem-somos\/\" \/>\n<meta property=\"og:locale\" content=\"pt_BR\" \/>\n<meta property=\"og:type\" content=\"article\" \/>\n<meta property=\"og:title\" content=\"Quem somos - Cidadania e Empreendedorismo\" \/>\n<meta property=\"og:description\" content=\"Somos uma Institui\u00e7\u00e3o sem fins lucrativos, objetivamos estimular a empregabilidade e o empreendedorismo sustent\u00e1vel em Nosso Pa\u00eds. Afim de atender \u00e0s necessidades prementes de Nosso Pa\u00eds, o&nbsp;Instituto Natus&nbsp;apresenta projetos diversos, oferecendo apoio e&nbsp;suporte \u00e0 cidadania, canalizando recursos para fomento ao empreendedorismo. Atualmente nosso&nbsp;projeto principal&nbsp;\u00e9 o&nbsp;Projeto de Coloca\u00e7\u00e3o Profissional para Pessoas ....\" \/>\n<meta property=\"og:url\" content=\"https:\/\/www.natus.org.br\/instituto\/quem-somos\/\" \/>\n<meta property=\"og:site_name\" content=\"Cidadania e Empreendedorismo\" \/>\n<meta property=\"article:modified_time\" content=\"2025-05-06T13:01:02+00:00\" \/>\n<meta name=\"twitter:card\" content=\"summary_large_image\" \/>\n<meta name=\"twitter:label1\" content=\"Est. tempo de leitura\" \/>\n\t<meta name=\"twitter:data1\" content=\"3 minutos\" \/>\n<script type=\"application\/ld+json\" class=\"yoast-schema-graph\">{\"@context\":\"https:\/\/schema.org\",\"@graph\":[{\"@type\":\"WebPage\",\"@id\":\"https:\/\/www.natus.org.br\/instituto\/quem-somos\/\",\"url\":\"https:\/\/www.natus.org.br\/instituto\/quem-somos\/\",\"name\":\"Quem somos - Cidadania e Empreendedorismo\",\"isPartOf\":{\"@id\":\"https:\/\/www.natus.org.br\/instituto\/#website\"},\"datePublished\":\"2021-09-27T13:37:24+00:00\",\"dateModified\":\"2025-05-06T13:01:02+00:00\",\"breadcrumb\":{\"@id\":\"https:\/\/www.natus.org.br\/instituto\/quem-somos\/#breadcrumb\"},\"inLanguage\":\"pt-BR\",\"potentialAction\":[{\"@type\":\"ReadAction\",\"target\":[\"https:\/\/www.natus.org.br\/instituto\/quem-somos\/\"]}]},{\"@type\":\"BreadcrumbList\",\"@id\":\"https:\/\/www.natus.org.br\/instituto\/quem-somos\/#breadcrumb\",\"itemListElement\":[{\"@type\":\"ListItem\",\"position\":1,\"name\":\"In\u00edcio\",\"item\":\"https:\/\/www.natus.org.br\/instituto\/\"},{\"@type\":\"ListItem\",\"position\":2,\"name\":\"Quem somos\"}]},{\"@type\":\"WebSite\",\"@id\":\"https:\/\/www.natus.org.br\/instituto\/#website\",\"url\":\"https:\/\/www.natus.org.br\/instituto\/\",\"name\":\"Cidadania e Empreendedorismo\",\"description\":\"\",\"publisher\":{\"@id\":\"https:\/\/www.natus.org.br\/instituto\/#organization\"},\"potentialAction\":[{\"@type\":\"SearchAction\",\"target\":{\"@type\":\"EntryPoint\",\"urlTemplate\":\"https:\/\/www.natus.org.br\/instituto\/?s={search_term_string}\"},\"query-input\":{\"@type\":\"PropertyValueSpecification\",\"valueRequired\":true,\"valueName\":\"search_term_string\"}}],\"inLanguage\":\"pt-BR\"},{\"@type\":\"Organization\",\"@id\":\"https:\/\/www.natus.org.br\/instituto\/#organization\",\"name\":\"Cidadania e Empreendedorismo\",\"url\":\"https:\/\/www.natus.org.br\/instituto\/\",\"logo\":{\"@type\":\"ImageObject\",\"inLanguage\":\"pt-BR\",\"@id\":\"https:\/\/www.natus.org.br\/instituto\/#\/schema\/logo\/image\/\",\"url\":\"https:\/\/www.natus.org.br\/instituto\/wp-content\/uploads\/2021\/09\/instituto-logo-natus-transparente.png\",\"contentUrl\":\"https:\/\/www.natus.org.br\/instituto\/wp-content\/uploads\/2021\/09\/instituto-logo-natus-transparente.png\",\"width\":149,\"height\":68,\"caption\":\"Cidadania e Empreendedorismo\"},\"image\":{\"@id\":\"https:\/\/www.natus.org.br\/instituto\/#\/schema\/logo\/image\/\"},\"sameAs\":[\"https:\/\/www.linkedin.com\/company\/91041671\/admin\/feed\/posts\/\"]}]}<\/script>\n<!-- \/ Yoast SEO plugin. -->","yoast_head_json":{"title":"Quem somos - Cidadania e Empreendedorismo","robots":{"index":"index","follow":"follow","max-snippet":"max-snippet:-1","max-image-preview":"max-image-preview:large","max-video-preview":"max-video-preview:-1"},"canonical":"https:\/\/www.natus.org.br\/instituto\/quem-somos\/","og_locale":"pt_BR","og_type":"article","og_title":"Quem somos - Cidadania e Empreendedorismo","og_description":"Somos uma Institui\u00e7\u00e3o sem fins lucrativos, objetivamos estimular a empregabilidade e o empreendedorismo sustent\u00e1vel em Nosso Pa\u00eds. Afim de atender \u00e0s necessidades prementes de Nosso Pa\u00eds, o&nbsp;Instituto Natus&nbsp;apresenta projetos diversos, oferecendo apoio e&nbsp;suporte \u00e0 cidadania, canalizando recursos para fomento ao empreendedorismo. Atualmente nosso&nbsp;projeto principal&nbsp;\u00e9 o&nbsp;Projeto de Coloca\u00e7\u00e3o Profissional para Pessoas ....","og_url":"https:\/\/www.natus.org.br\/instituto\/quem-somos\/","og_site_name":"Cidadania e Empreendedorismo","article_modified_time":"2025-05-06T13:01:02+00:00","twitter_card":"summary_large_image","twitter_misc":{"Est. tempo de leitura":"3 minutos"},"schema":{"@context":"https:\/\/schema.org","@graph":[{"@type":"WebPage","@id":"https:\/\/www.natus.org.br\/instituto\/quem-somos\/","url":"https:\/\/www.natus.org.br\/instituto\/quem-somos\/","name":"Quem somos - Cidadania e Empreendedorismo","isPartOf":{"@id":"https:\/\/www.natus.org.br\/instituto\/#website"},"datePublished":"2021-09-27T13:37:24+00:00","dateModified":"2025-05-06T13:01:02+00:00","breadcrumb":{"@id":"https:\/\/www.natus.org.br\/instituto\/quem-somos\/#breadcrumb"},"inLanguage":"pt-BR","potentialAction":[{"@type":"ReadAction","target":["https:\/\/www.natus.org.br\/instituto\/quem-somos\/"]}]},{"@type":"BreadcrumbList","@id":"https:\/\/www.natus.org.br\/instituto\/quem-somos\/#breadcrumb","itemListElement":[{"@type":"ListItem","position":1,"name":"In\u00edcio","item":"https:\/\/www.natus.org.br\/instituto\/"},{"@type":"ListItem","position":2,"name":"Quem somos"}]},{"@type":"WebSite","@id":"https:\/\/www.natus.org.br\/instituto\/#website","url":"https:\/\/www.natus.org.br\/instituto\/","name":"Cidadania e Empreendedorismo","description":"","publisher":{"@id":"https:\/\/www.natus.org.br\/instituto\/#organization"},"potentialAction":[{"@type":"SearchAction","target":{"@type":"EntryPoint","urlTemplate":"https:\/\/www.natus.org.br\/instituto\/?s={search_term_string}"},"query-input":{"@type":"PropertyValueSpecification","valueRequired":true,"valueName":"search_term_string"}}],"inLanguage":"pt-BR"},{"@type":"Organization","@id":"https:\/\/www.natus.org.br\/instituto\/#organization","name":"Cidadania e Empreendedorismo","url":"https:\/\/www.natus.org.br\/instituto\/","logo":{"@type":"ImageObject","inLanguage":"pt-BR","@id":"https:\/\/www.natus.org.br\/instituto\/#\/schema\/logo\/image\/","url":"https:\/\/www.natus.org.br\/instituto\/wp-content\/uploads\/2021\/09\/instituto-logo-natus-transparente.png","contentUrl":"https:\/\/www.natus.org.br\/instituto\/wp-content\/uploads\/2021\/09\/instituto-logo-natus-transparente.png","width":149,"height":68,"caption":"Cidadania e Empreendedorismo"},"image":{"@id":"https:\/\/www.natus.org.br\/instituto\/#\/schema\/logo\/image\/"},"sameAs":["https:\/\/www.linkedin.com\/company\/91041671\/admin\/feed\/posts\/"]}]}},"_links":{"self":[{"href":"https:\/\/www.natus.org.br\/instituto\/wp-json\/wp\/v2\/pages\/14","targetHints":{"allow":["GET"]}}],"collection":[{"href":"https:\/\/www.natus.org.br\/instituto\/wp-json\/wp\/v2\/pages"}],"about":[{"href":"https:\/\/www.natus.org.br\/instituto\/wp-json\/wp\/v2\/types\/page"}],"author":[{"embeddable":true,"href":"https:\/\/www.natus.org.br\/instituto\/wp-json\/wp\/v2\/users\/2"}],"replies":[{"embeddable":true,"href":"https:\/\/www.natus.org.br\/instituto\/wp-json\/wp\/v2\/comments?post=14"}],"version-history":[{"count":5,"href":"https:\/\/www.natus.org.br\/instituto\/wp-json\/wp\/v2\/pages\/14\/revisions"}],"predecessor-version":[{"id":176,"href":"https:\/\/www.natus.org.br\/instituto\/wp-json\/wp\/v2\/pages\/14\/revisions\/176"}],"wp:attachment":[{"href":"https:\/\/www.natus.org.br\/instituto\/wp-json\/wp\/v2\/media?parent=14"}],"curies":[{"name":"wp","href":"https:\/\/api.w.org\/{rel}","templated":true}]}}